 to base 11
-6066
Convert -1fc0 (base 16) to base 8.
-17700
Convert -a2c (base 13) to base 2.
-11011000000
Convert 40714 (base 8) to base 2.
100000111001100
100131 (base 4) to base 9
1400
What is 145a3 (base 12) in base 16?
6f4b
What is -32112 (base 5) in base 12?
-12b9
What is 5a1 (base 12) in base 6?
3521
Convert -6908 (base 12) to base 4.
-2312120
-3244 (base 6) to base 14
-3b6
Convert -204434 (base 5) to base 7.
-26012
-74c9 (base 16) to base 14
-ac77
-1174 (base 15) to base 13
-18c4
What is 4a9 (base 14) in base 7?
2502
What is -10010000000011 (base 2) in base 14?
-3507
What is -66 (base 8) in base 12?
-46
Convert 66 (base 10) to base 8.
102
-139 (base 16) to base 10
-313
Convert -104223 (base 5) to base 15.
-115d
What is a65 (base 11) in base 6?
5533
What is 2587 (base 9) in base 15?
897
Convert -1003302 (base 6) to base 10.
-47414
Convert 66220 (base 9) to base 3.
2020020200
Convert 201210 (base 4) to base 13.
c93
13a50 (base 14) to base 8
137046
-1937 (base 13) to base 12
-2218
What is 20022 (base 3) in base 10?
170
What is -203321 (base 4) in base 8?
-4371
What is 2273 (base 9) in base 12?
b86
-a01 (base 12) to base 13
-86b
What is 515 (base 10) in base 12?
36b
Convert 1221201 (base 3) to base 4.
112033
Convert 4a1 (base 16) to base 8.
2241
Convert 2bb (base 12) to base 8.
657
What is -111330033 (base 4) in base 12?
-44013
93 (base 10) to base 4
1131
-243 (base 14) to base 6
-2031
120 (base 10) to base 4
1320
What is -134553 (base 7) in base 2?
-110010001000001
-2107 (base 12) to base 11
-278a
Convert -23d (base 15) to base 2.
-111111100
8aa8 (base 15) to base 4
13023200
Convert -9039 (base 10) to base 8.
-21517
Convert -1685 (base 12) to base 11.
-2029
Convert -1110001 (base 2) to base 3.
-11012
What is 110110101 (base 2) in base 14?
233
38e0 (base 16) to base 5
431220
101b9 (base 13) to base 15
8857
What is -11020222 (base 3) in base 8?
-6040
Convert -2214432 (base 5) to base 2.
-1001011101010110
What is 131213 (base 4) in base 11?
1473
What is -b7d5 (base 14) in base 15?
-9613
111100011110 (base 2) to base 14
15a6
-1287 (base 12) to base 7
-6115
What is 210111 (base 4) in base 3?
10012010
What is 12305 (base 8) in base 10?
5317
Convert 5418 (base 11) to base 7.
26604
What is be5 (base 15) in base 2?
101010000010
1c8d (base 16) to base 9
11021
What is -14848 (base 10) in base 5?
-433343
What is 111010101110 (base 2) in base 8?
7256
Convert 3e1 (base 15) to base 8.
1566
Convert 582 (base 9) to base 11.
3a6
Convert 30024 (base 5) to base 3.
2120222
What is 220022112 (base 3) in base 4?
10110332
3c5 (base 14) to base 3
1001012
What is -110012 (base 3) in base 9?
-405
Convert -2323030 (base 4) to base 16.
-2ecc
341 (base 6) to base 16
85
What is 79 (base 16) in base 4?
1321
What is 4b0 (base 16) in base 2?
10010110000
What is -1264 (base 15) in base 16?
-f4f
10033 (base 6) to base 5
20232
34330 (base 9) to base 14
8497
311111 (base 4) to base 14
135b
Convert 3126 (base 9) to base 10.
2292
Convert -14006 (base 10) to base 9.
-21182
Convert -20222 (base 4) to base 2.
-1000101010
What is -37221 (base 12) in base 14?
-1d29b
Convert 12021 (base 4) to base 11.
328
Convert 7737 (base 12) to base 15.
3d67
2ac (base 16) to base 4
22230
30 (base 8) to base 10
24
Convert 151 (base 13) to base 5.
1420
What is -1206 (base 11) in base 4?
-120223
Convert -6612 (base 8) to base 13.
-1768
-51104 (base 6) to base 14
-2652
What is 5664 (base 7) in base 11?
15a9
Convert -24149 (base 11) to base 5.
-2103110
-222110110 (base 3) to base 10
-19290
What is 3a62 (base 14) in base 2?
10100000100110
What is -10234 (base 5) in base 10?
-694
What is 12121110 (base 3) in base 12?
2449
Convert -10012010 (base 3) to base 10.
-2325
Convert 61424 (base 7) to base 16.
3a73
Convert -ca7 (base 15) to base 13.
-13ba
-2333 (base 6) to base 7
-1431
What is 3524 (base 9) in base 7?
10423
2620 (base 9) to base 16
7aa
Convert -366 (base 14) to base 2.
-1010100110
Convert -204100 (base 5) to base 6.
-51211
-22320223 (base 4) to base 11
-30554
Convert -e351 (base 15) to base 3.
-2102211211
Convert -2121201 (base 4) to base 2.
-10011001100001
-10006 (base 7) to base 15
-aa7
Convert -394 (base 12) to base 10.
-544
Convert 6385 (base 11) to base 4.
2003322
What is 2610 (base 7) in base 3?
1100120
13313 (base 4) to base 6
2155
What is 16 (base 10) in base 5?
31
What is -24 (base 9) in base 7?
-31
Convert 23d7 (base 15) to base 14.
2acb
Convert -333 (base 13) to base 9.
-670
What is -1157 (base 14) in base 8?
-5711
Convert 31 (base 9) to base 8.
34
Convert 1010110 (base 2) to base 6.
222
Convert -10010000000 (base 2) to base 13.
-6a8
Convert 342 (base 13) to base 8.
1061
1317 (base 8) to base 12
4bb
-3696 (base 14) to base 3
-111002100
Convert 22587 (base 11) to base 16.
7f84
What is 2403 (base 5) in base 9?
432
What is 10100010 (base 2) in base 16?
a2
-541324 (base 6) to base 3
-2020220121
What is 230243 (base 5) in base 4?
2000012
-38 (base 11) to base 10
-41
195 (base 15) to base 10
365
3142 (base 7) to base 6
5044
Convert -2021 (base 6) to base 13.
-283
What is 30030 (base 4) in base 16?
30c
Convert -2 (base 9) to base 5.
-2
Convert 12460 (base 10) to base 16.
30ac
-44043 (base 5) to base 3
-11010222
What is -a27c (base 13) in base 12?
-10b77
What is -5715 (base 16) in base 2?
-101011100010101
Convert 72a1 (base 11) to base 7.
40123
Convert -705 (base 15) to base 10.
-1580
Convert 244 (base 10) to base 16.
f4
What is 11101001010011 (base 2) in base 16?
3a53
What is 5c3 (base 16) in base 15?
685
What is -434 (base 7) in base 2?
-11011101
Convert 3022 (base 15) to base 14.
39b7
Convert 751 (base 10) to base 9.
1024
-2013121 (base 5) to base 3
-1122021210
Convert 2373 (base 11) to base 6.
22213
What is -53ba (base 16) in base 14?
-7b50
What is 8c2 (base 14) in base 13?
a39
-28e8 (base 15) to base 13
-3cb6
What is -381 (base 15) in base 6?
-3404
Convert -54664 (base 8) to base 14.
-8524
What is -612 (base 8) in base 2?
-110001010
Convert 30635 (base 7) to base 9.
11278
What is -421321 (base 5) in base 7?
-55463
What is d19c (base 14) in base 3?
1211101120
What is -72 (base 9) in base 3?
-2102
Convert -2581 (base 9) to base 4.
-132100
What is -1203311 (base 4) in base 6?
-45325
-80 (base 14) to base 10
-112
Convert 79a (base 12) to base 16.
466
-6e80 (base 15) to base 7
-125400
What is -1028a (base 12) in base 2?
-101001010001010
Convert -1002102121 (base 3) to base 6.
-243154
What is -2a (base 15) in base 2?
-101000
3050 (base 9) to base 10
2232
20221000 (base 3) to base 10
5049
Convert -465 (base 10) to base 11.
-393
122062 (base 7) to base 16
5743
44315 (base 6) to base 4
1200113
2209 (base 12) to base 4
322221
1051 (base 10) to base 3
1102221
Convert -6d7 (base 15) to base 14.
-7cc
2516 (base 7) to base 13
578
What is -16d7 (base 15) in base 8?
-11477
Convert 926 (base 14) to base 15.
7ed
295 (base 11) to base 14
1aa
7759 (base 11) to base 16
27f4
Convert -3bc (base 13) to base 4.
-22112
1141 (base 7) to base 14
221
What is -1001014 (base 5) in base 6?
-200543
Convert -e8dc (base 15) to base 6.
-1020013
32021 (base 4) to base 16
389
What is -155261 (base 7) in base 12?
-158b8
Convert -20000 (base 8) to base 6.
-101532
Convert 96a5 (base 12) to base 6.
204325
102011101 (base 3) to base 12
4861
-10331 (base 5) to base 2
-1011001100
30996 (base 11) to base 2
1011000000111101
-25216 (base 8) to base 7
-43522
What is -744 (base 10) in base 14?
-3b2
Convert -27e (base 15) to base 6.
-2345
-114 (base 7) to base 8
-74
What is 21b0 (base 15) in base 6?
53020
625 (base 11) to base 2
1011110001
What is 55766 (base 8) in base 11?
16762
What is 100011011001 (base 2) in base 4?
203121
-379c (base 14) to base 11
-7357
-12472 (base 10) to base 6
-133424
What is 2ded (base 15) in base 13?
4675
What is -a12 (base 14) in base 8?
-3670
-f6 (base 16) to base 7
-501
60818 (base 9) to base 5
2240111
10cb (base 14) to base 15
ced
What is -15424 (base 6) in base 7?
-10252
-570 (base 9) to base 12
-330
Convert 6e80 (base 16) to base 2.
110111010000000
1622 (base 7) to base 3
220012
201 (base 6) to base 14
53
1388 (base 13) to base 15
c7b
What is -7a5 (base 15) in base 3?
-2101002
1101100111111 (base 2) to base 8
15477
Convert -4692 (base 11) to base 14.
-2355
Convert -316 (base 12) to base 4.
-13002
What